?
1172
What is the remainder when 506391 is divided by 129?
66
What is the remainder when 43892 is divided by 21347?
1198
Calculate the remainder when 407294 is divided by 101816.
30
What is the remainder when 5615784 is divided by 210?
174
Calculate the remainder when 2043253 is divided by 5887.
464
Calculate the remainder when 123395 is divided by 323.
9
What is the remainder when 20301443 is divided by 24971?
20
Calculate the remainder when 10094 is divided by 5023.
48
What is the remainder when 2774711 is divided by 15?
11
What is the remainder when 569376 is divided by 94291?
3630
What is the remainder when 117583 is divided by 4298?
1537
What is the remainder when 130518745 is divided by 3125?
3120
Calculate the remainder when 2873191 is divided by 2873175.
16
Calculate the remainder when 21840851 is divided by 15.
11
Calculate the remainder when 1060353 is divided by 176715.
63
What is the remainder when 3444818 is divided by 29?
24
What is the remainder when 304315 is divided by 304246?
69
Calculate the remainder when 44554254 is divided by 639.
618
Calculate the remainder when 45675016 is divided by 31.
19
Calculate the remainder when 1838432 is divided by 761.
617
Calculate the remainder when 1934792 is divided by 653.
606
What is the remainder when 435259 is divided by 217587?
85
Calculate the remainder when 1419931 is divided by 344.
243
What is the remainder when 3602717266 is divided by 404?
402
What is the remainder when 172485 is divided by 2104?
2061
Calculate the remainder when 230769 is divided by 114714.
1341
Calculate the remainder when 86703 is divided by 28777.
372
Calculate the remainder when 2370723 is divided by 75.
48
Calculate the remainder when 53237 is divided by 4894.
4297
What is the remainder when 20253943 is divided by 235?
233
Calculate the remainder when 25966 is divided by 24152.
1814
Calculate the remainder when 236285 is divided by 349.
12
What is the remainder when 10862477 is divided by 301735?
17
Calculate the remainder when 111950 is divided by 27980.
30
Calculate the remainder when 48237892 is divided by 80936.
36
Calculate the remainder when 47086 is divided by 4392.
3166
Calculate the remainder when 184282 is divided by 45823.
990
What is the remainder when 1085930 is divided by 1085924?
6
What is the remainder when 6765617 is divided by 34?
25
Calculate the remainder when 26361595 is divided by 8787195.
10
Calculate the remainder when 78772 is divided by 39182.
408
What is the remainder when 439576 is divided by 27473?
8
What is the remainder when 771078 is divided by 505?
448
What is the remainder when 3414315 is divided by 506?
333
What is the remainder when 192826 is divided by 95747?
1332
What is the remainder when 5623971 is divided by 72098?
327
What is the remainder when 138185 is divided by 2383?
2354
Calculate the remainder when 95823 is divided by 224.
175
What is the remainder when 33402376 is divided by 244?
240
What is the remainder when 273592 is divided by 2510?
2
Calculate the remainder when 63252374 is divided by 21084120.
14
Calculate the remainder when 57453 is divided by 28725.
3
Calculate the remainder when 4423642 is divided by 1186.
1048
What is the remainder when 1116567 is divided by 7863?
21
What is the remainder when 56355845 is divided by 2762?
2759
What is the remainder when 2645 is divided by 3?
2
What is the remainder when 21672 is divided by 65?
27
What is the remainder when 203945 is divided by 989?
211
What is the remainder when 207400 is divided by 11375?
2650
Calculate the remainder when 1131147 is divided by 150.
147
Calculate the remainder when 6901601 is divided by 2581.
7
Calculate the remainder when 1667160 is divided by 237.
102
What is the remainder when 2002398 is divided by 73?
8
What is the remainder when 1173840 is divided by 293346?
456
Calculate the remainder when 2547690 is divided by 2388.
2082
Calculate the remainder when 19493530 is divided by 11562.
11560
What is the remainder when 50962922 is divided by 2123455?
2
Calculate the remainder when 34967 is divided by 3343.
1537
Calculate the remainder when 1989866 is divided by 3194.
4
What is the remainder when 302419 is divided by 6720?
19
Calculate the remainder when 2717926 is divided by 277.
2
What is the remainder when 174055 is divided by 61?
22
Calculate the remainder when 82237 is divided by 465.
397
What is the remainder when 87923 is divided by 2831?
162
What is the remainder when 2559344 is divided by 2559226?
118
Calculate the remainder when 44329684 is divided by 22164840.
4
What is the remainder when 2016125912 is divided by 4471?
4469
What is the remainder when 127627 is divided by 7089?
25
Calculate the remainder when 188623 is divided by 20952.
55
Calculate the remainder when 18759194 is divided by 819.
818
Calculate the remainder when 45162 is divided by 11214.
306
Calculate the remainder when 69035 is divided by 46.
35
What is the remainder when 2032446 is divided by 204?
198
What is the remainder when 22290 is divided by 1362?
498
Calculate the remainder when 2890 is divided by 1133.
624
Calculate the remainder when 5640107 is divided by 249.
8
Calculate the remainder when 1047106 is divided by 818.
66
Calculate the remainder when 3315141 is divided by 488.
157
What is the remainder when 245337739 is divided by 1930?
1929
What is the remainder when 238773 is divided by 1835?
223
What is the remainder when 7449885 is divided by 297974?
535
What is the remainder when 137722 is divided by 2377?
2233
Calculate the remainder when 139262403 is divided by 4192.
4163
What is the remainder when 144821 is divided by 8041?
83
What is the remainder when 87119 is divided by 726?
725
What is the remainder when 6616462 is divided by 308?
6
What is the remainder when 20540 is divided by 4522?
2452
Calculate the remainder when 297511 is divided by 10619.
179
Calculate the remainder when 562724 is divided by 14068.
4
What is the remainder when 88387234 is divided by 61?
3
What is the remainder when 219798 is divided by 3330?
18
Calculate the remainder when 3623171 is divided by 84.
83
Calculate the remainder when 13342029 is divided by 218.
211
What is the remainder when 23313296 is divided by 1222?
1202
Calculate the remainder when 11593 is divided by 11345.
248
Calculate the remainder when 967847 is divided by 127.
107
What is the remainder when 289619558 is divided by 336?
326
What is the remainder when 2119554 is divided by 255?
249
What is the remainder when 96693683 is divided by 1279?
4
Calculate the remainder when 185109988 is divided by 1586.
1584
Calculate the remainder when 24669361 is divided by 669.
655
Calculate the remainder when 429060 is divided by 214278.
504
Calculate the remainder when 4360780 is divided by 290.
50
Calculate the remainder when 37041648 is divided by 36.
24
What is the remainder when 23632691 is divided by 1575512?
11
What is the remainder when 135541625 is divided by 15060178?
23
Calculate the remainder when 1007087 is divided by 251750.
87
Calculate the remainder when 3373655 is divided by 210848.
87
What is the remainder when 161128 is divided by 3996?
1288
What is the remainder when 666403859 is divided by 15?
14
Calculate the remainder when 120704790 is divided by 30176193.
18
Calculate the remainder when 26562874 is divided by 1221.
19
Calculate the remainder when 135775 is divided by 931.
780
What is the remainder when 4705528 is divided by 92?
4
Calculate the remainder when 88289 is divided by 85789.
2500
What is the remainder when 7445683 is divided by 49309?
24
Calculate the remainder when 411546 is divided by 123.
111
What is the remainder when 92764 is divided by 1138?
586
Calculate the remainder when 194334955 is divided by 40.
35
What is the remainder when 3535672 is divided by 601?
590
Calculate the remainder when 2542186 is divided by 3012.
58
What is the remainder when 673273 is divided by 1031?
30
Calculate the remainder when 388542 is divided by 5606.
1728
What is the remainder when 3093560 is divided by 88382?
190
What is the remainder when 438952 is divided by 62705?
17
Calculate the remainder when 64825435 is divided by 13.
12
Calculate the remainder when 186253 is divided by 3519.
3265
What is the remainder when 4336277 is divided b